{"id":312,"date":"2025-03-10T21:47:04","date_gmt":"2025-03-10T20:47:04","guid":{"rendered":"https:\/\/samubikes.fr\/index.php\/prestations\/"},"modified":"2025-10-22T20:16:13","modified_gmt":"2025-10-22T18:16:13","slug":"tarifs-main-doeuvre-pieces","status":"publish","type":"page","link":"https:\/\/samubikes.fr\/index.php\/tarifs-main-doeuvre-pieces\/","title":{"rendered":"Tarifs"},"content":{"rendered":"\n\n\n\n\n\n\n\n\n\n\n\n\n\n\n\n\n\n\n\n\n\n\n\n\n\n\n\n\n\n\n\n","protected":false},"excerpt":{"rendered":"","protected":false},"author":1,"featured_media":0,"parent":0,"menu_order":0,"comment_status":"closed","ping_status":"closed","template":"full-width","meta":{"saved_in_kubio":true,"footnotes":""},"class_list":["post-312","page","type-page","status-publish","hentry"],"kubio_ai_page_context":{"short_desc":"","purpose":"general"},"yoast_head":"<!-- This site is optimized with the Yoast SEO plugin v26.2 - https:\/\/yoast.com\/wordpress\/plugins\/seo\/ -->\n<title>Tarifs main d\u2019oeuvre par pi\u00e8ces<\/title>\n<meta name=\"description\" content=\"D\u00e9couvrez mes tarifs main d&#039;oeuvre par pi\u00e8ces : cadre, direction, fourche, freinage, roues ou transmission.\" \/>\n<meta name=\"robots\" content=\"index, follow, max-snippet:-1, max-image-preview:large, max-video-preview:-1\" \/>\n<link rel=\"canonical\" href=\"https:\/\/samubikes.fr\/index.php\/tarifs-main-doeuvre-pieces\/\" \/>\n<meta property=\"og:locale\" content=\"fr_FR\" \/>\n<meta property=\"og:type\" content=\"article\" \/>\n<meta property=\"og:title\" content=\"Tarifs main d\u2019oeuvre par pi\u00e8ces\" \/>\n<meta property=\"og:description\" content=\"D\u00e9couvrez mes tarifs main d&#039;oeuvre par pi\u00e8ces : cadre, direction, fourche, freinage, roues ou transmission.\" \/>\n<meta property=\"og:url\" content=\"https:\/\/samubikes.fr\/index.php\/tarifs-main-doeuvre-pieces\/\" \/>\n<meta property=\"og:site_name\" content=\"Samubikes - R\u00e9paration de v\u00e9los, fauteuils roulants.\" \/>\n<meta property=\"article:publisher\" content=\"https:\/\/www.facebook.com\/Samubikes.54\/\" \/>\n<meta property=\"article:modified_time\" content=\"2025-10-22T18:16:13+00:00\" \/>\n<meta property=\"og:image\" content=\"https:\/\/samubikes.fr\/wp-content\/uploads\/2025\/10\/Capture-decran-2025-10-22-a-18.46.01-1.png\" \/>\n<meta name=\"twitter:card\" content=\"summary_large_image\" \/>\n<meta name=\"twitter:label1\" content=\"Dur\u00e9e de lecture estim\u00e9e\" \/>\n\t<meta name=\"twitter:data1\" content=\"2 minutes\" \/>\n<script type=\"application\/ld+json\" class=\"yoast-schema-graph\">{\"@context\":\"https:\/\/schema.org\",\"@graph\":[{\"@type\":\"WebPage\",\"@id\":\"https:\/\/samubikes.fr\/index.php\/tarifs-main-doeuvre-pieces\/\",\"url\":\"https:\/\/samubikes.fr\/index.php\/tarifs-main-doeuvre-pieces\/\",\"name\":\"Tarifs main d\u2019oeuvre par pi\u00e8ces\",\"isPartOf\":{\"@id\":\"https:\/\/samubikes.fr\/#website\"},\"primaryImageOfPage\":{\"@id\":\"https:\/\/samubikes.fr\/index.php\/tarifs-main-doeuvre-pieces\/#primaryimage\"},\"image\":{\"@id\":\"https:\/\/samubikes.fr\/index.php\/tarifs-main-doeuvre-pieces\/#primaryimage\"},\"thumbnailUrl\":\"https:\/\/samubikes.fr\/wp-content\/uploads\/2025\/10\/Capture-decran-2025-10-22-a-18.46.01-1.png\",\"datePublished\":\"2025-03-10T20:47:04+00:00\",\"dateModified\":\"2025-10-22T18:16:13+00:00\",\"description\":\"D\u00e9couvrez mes tarifs main d'oeuvre par pi\u00e8ces : cadre, direction, fourche, freinage, roues ou transmission.\",\"breadcrumb\":{\"@id\":\"https:\/\/samubikes.fr\/index.php\/tarifs-main-doeuvre-pieces\/#breadcrumb\"},\"inLanguage\":\"fr-FR\",\"potentialAction\":[{\"@type\":\"ReadAction\",\"target\":[\"https:\/\/samubikes.fr\/index.php\/tarifs-main-doeuvre-pieces\/\"]}]},{\"@type\":\"ImageObject\",\"inLanguage\":\"fr-FR\",\"@id\":\"https:\/\/samubikes.fr\/index.php\/tarifs-main-doeuvre-pieces\/#primaryimage\",\"url\":\"https:\/\/samubikes.fr\/wp-content\/uploads\/2025\/10\/Capture-decran-2025-10-22-a-18.46.01-1.png\",\"contentUrl\":\"https:\/\/samubikes.fr\/wp-content\/uploads\/2025\/10\/Capture-decran-2025-10-22-a-18.46.01-1.png\",\"width\":766,\"height\":578},{\"@type\":\"BreadcrumbList\",\"@id\":\"https:\/\/samubikes.fr\/index.php\/tarifs-main-doeuvre-pieces\/#breadcrumb\",\"itemListElement\":[{\"@type\":\"ListItem\",\"position\":1,\"name\":\"Accueil\",\"item\":\"https:\/\/samubikes.fr\/\"},{\"@type\":\"ListItem\",\"position\":2,\"name\":\"Tarifs\"}]},{\"@type\":\"WebSite\",\"@id\":\"https:\/\/samubikes.fr\/#website\",\"url\":\"https:\/\/samubikes.fr\/\",\"name\":\"Samubikes - R\u00e9paration de v\u00e9los, fauteuils roulants \u00e0 Jaillon (54)\",\"description\":\"Mon atelier de r\u00e9paration \u00e0 votre disposition \u00e0 Jaillon pour une r\u00e9paration, un nettoyage, une r\u00e9vision, une remise en \u00e9tat ou une \u00e9volution.\",\"alternateName\":\"Samubikes\",\"potentialAction\":[{\"@type\":\"SearchAction\",\"target\":{\"@type\":\"EntryPoint\",\"urlTemplate\":\"https:\/\/samubikes.fr\/?s={search_term_string}\"},\"query-input\":{\"@type\":\"PropertyValueSpecification\",\"valueRequired\":true,\"valueName\":\"search_term_string\"}}],\"inLanguage\":\"fr-FR\"}]}<\/script>\n<!-- \/ Yoast SEO plugin. -->","yoast_head_json":{"title":"Tarifs main d\u2019oeuvre par pi\u00e8ces","description":"D\u00e9couvrez mes tarifs main d'oeuvre par pi\u00e8ces : cadre, direction, fourche, freinage, roues ou transmission.","robots":{"index":"index","follow":"follow","max-snippet":"max-snippet:-1","max-image-preview":"max-image-preview:large","max-video-preview":"max-video-preview:-1"},"canonical":"https:\/\/samubikes.fr\/index.php\/tarifs-main-doeuvre-pieces\/","og_locale":"fr_FR","og_type":"article","og_title":"Tarifs main d\u2019oeuvre par pi\u00e8ces","og_description":"D\u00e9couvrez mes tarifs main d'oeuvre par pi\u00e8ces : cadre, direction, fourche, freinage, roues ou transmission.","og_url":"https:\/\/samubikes.fr\/index.php\/tarifs-main-doeuvre-pieces\/","og_site_name":"Samubikes - R\u00e9paration de v\u00e9los, fauteuils roulants.","article_publisher":"https:\/\/www.facebook.com\/Samubikes.54\/","article_modified_time":"2025-10-22T18:16:13+00:00","og_image":[{"url":"https:\/\/samubikes.fr\/wp-content\/uploads\/2025\/10\/Capture-decran-2025-10-22-a-18.46.01-1.png","type":"","width":"","height":""}],"twitter_card":"summary_large_image","twitter_misc":{"Dur\u00e9e de lecture estim\u00e9e":"2 minutes"},"schema":{"@context":"https:\/\/schema.org","@graph":[{"@type":"WebPage","@id":"https:\/\/samubikes.fr\/index.php\/tarifs-main-doeuvre-pieces\/","url":"https:\/\/samubikes.fr\/index.php\/tarifs-main-doeuvre-pieces\/","name":"Tarifs main d\u2019oeuvre par pi\u00e8ces","isPartOf":{"@id":"https:\/\/samubikes.fr\/#website"},"primaryImageOfPage":{"@id":"https:\/\/samubikes.fr\/index.php\/tarifs-main-doeuvre-pieces\/#primaryimage"},"image":{"@id":"https:\/\/samubikes.fr\/index.php\/tarifs-main-doeuvre-pieces\/#primaryimage"},"thumbnailUrl":"https:\/\/samubikes.fr\/wp-content\/uploads\/2025\/10\/Capture-decran-2025-10-22-a-18.46.01-1.png","datePublished":"2025-03-10T20:47:04+00:00","dateModified":"2025-10-22T18:16:13+00:00","description":"D\u00e9couvrez mes tarifs main d'oeuvre par pi\u00e8ces : cadre, direction, fourche, freinage, roues ou transmission.","breadcrumb":{"@id":"https:\/\/samubikes.fr\/index.php\/tarifs-main-doeuvre-pieces\/#breadcrumb"},"inLanguage":"fr-FR","potentialAction":[{"@type":"ReadAction","target":["https:\/\/samubikes.fr\/index.php\/tarifs-main-doeuvre-pieces\/"]}]},{"@type":"ImageObject","inLanguage":"fr-FR","@id":"https:\/\/samubikes.fr\/index.php\/tarifs-main-doeuvre-pieces\/#primaryimage","url":"https:\/\/samubikes.fr\/wp-content\/uploads\/2025\/10\/Capture-decran-2025-10-22-a-18.46.01-1.png","contentUrl":"https:\/\/samubikes.fr\/wp-content\/uploads\/2025\/10\/Capture-decran-2025-10-22-a-18.46.01-1.png","width":766,"height":578},{"@type":"BreadcrumbList","@id":"https:\/\/samubikes.fr\/index.php\/tarifs-main-doeuvre-pieces\/#breadcrumb","itemListElement":[{"@type":"ListItem","position":1,"name":"Accueil","item":"https:\/\/samubikes.fr\/"},{"@type":"ListItem","position":2,"name":"Tarifs"}]},{"@type":"WebSite","@id":"https:\/\/samubikes.fr\/#website","url":"https:\/\/samubikes.fr\/","name":"Samubikes - R\u00e9paration de v\u00e9los, fauteuils roulants \u00e0 Jaillon (54)","description":"Mon atelier de r\u00e9paration \u00e0 votre disposition \u00e0 Jaillon pour une r\u00e9paration, un nettoyage, une r\u00e9vision, une remise en \u00e9tat ou une \u00e9volution.","alternateName":"Samubikes","potentialAction":[{"@type":"SearchAction","target":{"@type":"EntryPoint","urlTemplate":"https:\/\/samubikes.fr\/?s={search_term_string}"},"query-input":{"@type":"PropertyValueSpecification","valueRequired":true,"valueName":"search_term_string"}}],"inLanguage":"fr-FR"}]}},"_links":{"self":[{"href":"https:\/\/samubikes.fr\/index.php\/wp-json\/wp\/v2\/pages\/312","targetHints":{"allow":["GET"]}}],"collection":[{"href":"https:\/\/samubikes.fr\/index.php\/wp-json\/wp\/v2\/pages"}],"about":[{"href":"https:\/\/samubikes.fr\/index.php\/wp-json\/wp\/v2\/types\/page"}],"author":[{"embeddable":true,"href":"https:\/\/samubikes.fr\/index.php\/wp-json\/wp\/v2\/users\/1"}],"replies":[{"embeddable":true,"href":"https:\/\/samubikes.fr\/index.php\/wp-json\/wp\/v2\/comments?post=312"}],"version-history":[{"count":91,"href":"https:\/\/samubikes.fr\/index.php\/wp-json\/wp\/v2\/pages\/312\/revisions"}],"predecessor-version":[{"id":958,"href":"https:\/\/samubikes.fr\/index.php\/wp-json\/wp\/v2\/pages\/312\/revisions\/958"}],"wp:attachment":[{"href":"https:\/\/samubikes.fr\/index.php\/wp-json\/wp\/v2\/media?parent=312"}],"curies":[{"name":"wp","href":"https:\/\/api.w.org\/{rel}","templated":true}]}}